ts digit of h?
1
Suppose 0 = g + 3*g - 12. Suppose 5*i - 19 = 46. What is the units digit of 0 - i*(g + -4)?
3
Let p(i) = 2*i - 6. Let h be p(5). Suppose 4*u - 5*v = -16, -h*u + 4*v - 13 = -u. What is the units digit of u?
1
Let y be (5 + 0 + 0)*1. Suppose c - y = 4. What is the units digit of c?
9
What is the units digit of (26 - 1)*(2/5 - 0)?
0
Let p(g) = g**2 - 5*g + 9. What is the hundreds digit of p(14)?
1
What is the units digit of 54/4*(-160)/(-48)?
5
Let y be 1 + 3/((-6)/(-4)). Let n(u) = -u**3 + 3*u**2 + 3*u + 4. What is the units digit of n(y)?
3
Let g be -4*(-3)/8*-2. Let i(j) = j**2 + 3*j - 3. Let r be i(g). What is the units digit of 3*((-5)/r + 3)?
4
Suppose 0*f + 4*f = 84. What is the tens digit of f?
2
Let z(l) = 7*l**3 - l**2 + 10*l - 3. Let j(y) = 13*y**3 - 3*y**2 + 19*y - 5. Let p(h) = -6*j(h) + 11*z(h). What is the units digit of p(4)?
9
Suppose -4*v - 15 = -9*v. Suppose 0 = -4*a + v*a + 15. What is the tens digit of a?
1
Let q(w) = 10*w + 25. What is the units digit of q(6)?
5
Suppose -2*z + 4 = -0. Let u be (-3)/2*10/(-3). Suppose -u*h = -z*y - 9 - 30, 4*y = -5*h + 57. What is the units digit of h?
9
Let b(n) = -n**3 - 6*n**2 - n - 4. Suppose 2*j + 20 = 3*m, -2*m - 3*j = j - 8. Let i = -12 + m. What is the units digit of b(i)?
2
Let a be (1 + -2 - (-5 - 43)) + -2. Let q = -150 - -215. Let g = q - a. What is the tens digit of g?
2
Let m(z) = -z**2 - 1. Let d be m(1). What is the tens digit of 4*d*(-1 + -2)?
2
What is the tens digit of (-10148)/(-60) + 6/(-45)?
6
Let y be 56/9 - (-4)/(-18). Let q = y + -3. Suppose 0 = -4*k + 4*c + 44, q = -2*c + 7. What is the tens digit of k?
1
Let q(d) = -d**2 + 5*d - 6. Let z(f) be the first derivative of f**3 - 7*f**2 + 17*f + 1. Let k(j) = 11*q(j) + 4*z(j). What is the units digit of k(3)?
8
Let p = -4 - -6. Suppose -i + 64 = -3*j - 3, -68 = 3*j - p*i. Let y = -11 - j. What is the units digit of y?
1
Let j(x) = x**2 + 6*x + 7. Let b be j(-5). Suppose -36 = -b*s - 0*s. What is the tens digit of s?
1
Let k be 18/8 - 5/20. Suppose -2*m - 2*a + 22 = -0, 0 = -2*a + k. Suppose m + 2 = l. What is the tens digit of l?
1
Let m be (-1)/(((-2)/2)/2). Suppose -j + 15 = 2*n, m*j - 2 - 14 = -2*n. What is the units digit of n?
7
Let y(h) = h**3 - 7*h**2 - 5*h - 10. Let m be y(8). Let p = m - 2. What is the units digit of p?
2
Let r(b) = -b**2 + 3*b + 3. Let u be r(3). Suppose -u = 3*s, -4*o - 6 = -3*s - 61. What is the units digit of o?
3
Let f = 5 + 3. Suppose -4*d + d - 15 = 0. Let w = f + d. What is the units digit of w?
3
Let o = 25 - 3. Suppose 21*d + 32 = o*d. What is the tens digit of d?
3
Suppose -6*v = -362 - 694. What is the tens digit of v?
7
Let g = 53 + 11. What is the tens digit of g?
6
Let f = 21 - 42. What is the units digit of (-1)/2*(f - -9)?
6
Suppose 3*i + 4*d - 59 = 0, -2*i - 2*d - d = -40. Let c = 35 - i. What is the units digit of c?
8
Suppose 3*r - 33 = 3*i, 2*r - 1 = r + 3*i. What is the tens digit of r?
1
Suppose -4*x - 12 = 2*k, 2*x = 3*k - 0*x + 10. What is the units digit of (-1)/k - 33/(-12)?
3
Let f(n) = n**2 + 7*n - 4. Let j be f(-8). Suppose -2*v - 5*t = -32, 4*v - 3*v - j*t - 42 = 0. What is the tens digit of v?
2
Suppose -221 = 152*x - 153*x. What is the tens digit of x?
2
Let v be 0 + 1 - (-3 - -1). Suppose 3 = -i + 8. Suppose -v*q - 2*r + i = -2*q, 3*q + 3*r = 21. What is the units digit of q?
9
What is the units digit of (-4)/(-8)*(47 - 1)?
3
Let g be 2 + 2 + 2/(-2). Let d(l) = 15*l + 4 + l**2 + l**2 - g*l**2 - 4*l. What is the units digit of d(11)?
4
Let q = 42 + -3. What is the units digit of q?
9
What is the tens digit of 4/22 - (-5516)/154?
3
Suppose -7*b + 350 = -2*b. What is the units digit of b?
0
Suppose 379 = 7*q - 1490. What is the units digit of q?
7
Let f be (-3)/(-6) + 11/2. Let s(o) = -o - 1. Let i be s(2). What is the units digit of (-8)/(f/27*i)?
2
Let z(w) = 1. Let o(f) = -8*f - 4. Let l(d) = o(d) + 2*z(d). What is the units digit of l(-1)?
6
Let l = 74 - 73. What is the units digit of l?
1
Suppose 0 = -5*l - 2*x + 648, 7*x - 4*x = 4*l - 523. Suppose 4*d - l = -30. What is the tens digit of d?
2
Let r be (2/3)/((-4)/(-30)). Suppose 0 = -r*l - 5*c - 10, 0*l + l = 2*c - 5. Let o = 7 + l. What is the units digit of o?
4
Let u = 16 + -4. Suppose 2*h = -u + 80. What is the units digit of h?
4
Let p(t) = t**3 + 5*t**2 + 3*t - 2. Let f be p(-4). Suppose -4*w + 32 = -f*w. What is the tens digit of w?
1
Let g(c) = 11*c + 1. Let o be g(2). Suppose -5*k + 7 = 2*n - o, -5*n = 0. What is the units digit of k?
6
Let q(g) = -5*g**3 - 2*g**2 - 3*g. What is the tens digit of q(-2)?
3
Let w be (-56)/24*(-1 - -4). What is the tens digit of (-262)/(-8) - w/28?
3
Suppose 0 = g + 16 - 5. What is the units digit of 1 - (1 - -1) - g?
0
What is the units digit of (-2)/9 - (-9 + (-15726)/54)?
0
Suppose 2*o = 43 + 5. Let m = o - 3. Let x = -13 + m. What is the units digit of x?
8
Suppose 12 = -3*g - g. Let r be g*((-21)/(-9) + 0). Let t(o) = -o**3 - 8*o**2 - 6*o + 8. What is the units digit of t(r)?
1
Let c(t) = 3*t - 22. What is the units digit of c(14)?
0
Let s be ((-3)/4)/((-2)/16). Suppose -k + 20 + s = 0. Suppose -4*f + k - 2 = 0. What is the units digit of f?
6
Suppose 3*h + 270 = -3*s, 2*h - 3*s + 252 = -h. Let p = -41 - h. What is the units digit of p?
6
Suppose -1 = -z - 0*z. Let d(g) = -z - 2 + g + 10. What is the units digit of d(-6)?
1
Suppose 0*a = -2*y - a + 24, -2*y + a + 20 = 0. What is the units digit of y?
1
Suppose 2*q - 24 = 3*p + q, p + 8 = q. What is the units digit of (-60)/p*(-4)/(-3)?
0
Suppose -3*m = 2*m - 15. What is the tens digit of 12 - (3/m - -1)?
1
What is the tens digit of 1 + (2 - (4 + -4) - -112)?
1
Let n(b) = -b**3 + 6*b**2. What is the tens digit of n(5)?
2
Let d(c) = 3*c**2 - 7*c - 19. What is the hundreds digit of d(10)?
2
Let v be (-6)/((-6)/4*1). Let q(b) = 5*b**2 - 1. Let k be q(-1). Suppose v*t - 42 = -2*h, -4*t - k*h = h - 45. What is the units digit of t?
0
Suppose 5*z + 3*o - 22 = 0, -2*z + 3*o - 8*o = -24. Let u = z + -1. What is the units digit of u?
1
Suppose -15*k = -13*k - 22. What is the units digit of k?
1
Suppose 0*p + 20 = -5*p. Let v = p + 21. What is the units digit of v?
7
Let j = -7 - -15. Let q be (-1 - (0 + -5))*j. What is the units digit of q/6 - 2/6?
5
Let v(i) = -i**2 + 5*i + 6. Let w be v(7). Let t(n) = -n**2 - 11*n - 9. What is the units digit of t(w)?
5
Let z(m) = 1 + 6*m + 4*m - m. What is the tens digit of z(1)?
1
Let p(r) = 3*r**3 + 4*r - 2*r**3 - r**2 + 0*r**2 - 4*r**2 + 3. What is the units digit of p(4)?
3
Let p(i) = -3*i + 44. Let a be p(13). Suppose 2*n = 6*n. Suppose -2 = -n*f - f + o, 0 = -a*f + 4*o + 10. What is the units digit of f?
2
Let m = 3 + -11. Suppose 0 = -3*o - n - 38, 0 = -3*o + 5*n - 28 + 2. Let z = m - o. What is the units digit of z?
4
Let j(a) = 3*a - 2. Let g(p) = -8*p + 6. Let o(d) = 4*g(d) + 11*j(d). Suppose -4*c - c = 0. What is the units digit of o(c)?
2
Let x = -14 + -48. Let d = -41 - x. What is the units digit of d?
1
Let x be (-4)/3*(-615)/(-10). Let j = -49 - x. What is the tens digit of j?
3
Let t(y) = y**2 + 8*y + 10. Let u be t(-7). Suppose u*k - 29 - 25 = 0. What is the units digit of k?
8
What is the units digit of (-41)/(1 + -3 - -1)?
1
Let u = 654 - 360. What is the hundreds digit of u?
2
Let v(l) = 2*l**3 - 2*l**2 + 3*l - 2. Suppose -5*y = -0*y - 25. Suppose 0 = -5*x - y*d - 5, -2*x - 5*d = 11. What is the tens digit of v(x)?
1
Let z be 3/(9/(-3))*9. What is the units digit of (z/(-3))/3 + 9?
0
Let x(h) = h**2 - 3*h - 7. What is the units digit of x(-2)?
3
Let n be (-12)/2 + (6 - 4). Let p(r) = r**3 + 3*r**2 - 6*r - 4. Let g be p(n). Let f = -3 + g. What is the units digit of f?
1
Suppose 0 = 3*y - 6 - 0. Suppose 3*s = -y*s + 25. What is the units digit of s?
5
Let w be (-44)/(-3) - (-2 + (-8)/(-3)). Suppose -5*o + 145 = 5*u, -u + 35 = -0*o - 2*o. Let y = u - w. What is the units digit of y?
7
What is the units digit of (6 - -40)*(-3)/(-6)?
3
Let s(f) = 9*f. Let h be s(-2). What is the units digit of (12/9)/((-3)/h)?
8
Let f(d) = -14*d - 47. What is the units digit of f(-13)?
5
Suppose 2*h = 21 + 39. What is the tens digit of h?
3
Let p = 6 - 8. Let v = 4 + p. Suppose 9 = v*c - i, -c + 0*i - 5*i + 10 = 0. What is the units digit of c?
5
Suppose 3*o = -3*k + 9